c = z*p - 6*c - 140. Suppose u = 6*u - p. Calculate the highest common factor of 16 and u.
8
Let y(j) = -j**3 - 5*j**2 + 7*j - 10. Let h be y(-7). What is the greatest common factor of 429 and h?
39
Suppose -147 = -2*t + 87. Calculate the highest common divisor of 13 and t.
13
Let w be ((-8)/(-3))/((-18)/(-27)). Suppose w*d = 27 - 7. Suppose 16 = d*o + 1, 0 = -q - 5*o + 18. Calculate the greatest common factor of 12 and q.
3
Let h(i) be the third derivative of -i**6/120 + 3*i**5/20 + 2*i**3 + i**2. Let d be h(9). What is the greatest common divisor of 84 and d?
12
Let h(u) = -2*u - 2. Let m be h(-8). Suppose n + 22 + 6 = p, 2*p + 5*n - 56 = 0. What is the greatest common divisor of m and p?
14
Suppose -4*h = -42 + 6. Calculate the highest common factor of h and 27.
9
Let u be 1*-1*(-55 + 1). Calculate the highest common divisor of u and 18.
18
Let t(v) = -v**3 - 5*v**2 - v - 1. Let y be -3*(-3 - (-14)/3). Let q be t(y). Calculate the greatest common divisor of q and 36.
4
Suppose y - 27 = -2*c, -5*c - 2*y = -17 - 52. Let a be -3 + 1/(1/2). Let s be (2 - 1)/(a/(-3)). Calculate the highest common divisor of s and c.
3
Let b(k) = k**3 - 4*k**2 + 2*k - 2. Let r(g) = -g - 2. Let m be r(-6). Let z be b(m). What is the greatest common factor of 30 and z?
6
Let q(z) = -z - 5. Let v be q(-5). Suppose 2*o + 0*o - 2 = v. Let d = 0 + 1. What is the greatest common divisor of d and o?
1
Suppose -2*y = p + 2*y + 8, 9 = -3*y. Suppose 2*g - 40 = 4*x, -3*g - p*x - 66 = -6*g. Let k be 282/22 - (-2)/11. What is the highest common divisor of k and g?
13
Let c = 12 - -5. What is the greatest common divisor of 102 and c?
17
Let m be (-2 - -5)/(-3)*-77. Suppose c = 4*h - 45, 4*c + 24 = 2*h + 2*c. What is the greatest common divisor of h and m?
11
Suppose 0 = -2*z - 3*z. Suppose -3*y + 15 + 27 = z. Calculate the highest common factor of 112 and y.
14
Suppose -2*k = -138 + 12. Calculate the greatest common divisor of 7 and k.
7
Let r(d) = -11*d - 10. Let w(y) = 12*y + 11. Let c(p) = 5*r(p) + 4*w(p). Let t be c(-6). Calculate the highest common divisor of t and 24.
12
Suppose -7*q + 365 = -2*q. Let c = -18 + q. Calculate the greatest common divisor of c and 11.
11
Suppose 0 = -5*q + 4 + 6. Suppose 0 = -q*n - 100 + 308. Calculate the greatest common divisor of n and 13.
13
Let j be (-12)/(-14)*(29 + -8). Let f(c) = -4*c - 2. Let o be f(-2). Calculate the greatest common divisor of j and o.
6
Let y(n) = -n**2 - n + 4. Let q be y(0). Suppose -q*j + 2*d - 1 = -d, 3*j - 12 = -2*d. What is the greatest common factor of j and 8?
2
Suppose -32 = -3*v + 4*i, 0 = -4*v + 2*i + 30 + 6. Suppose -306 = -5*p + 2*o, p + o + v = 65. What is the highest common divisor of p and 12?
12
Let j(f) = -f**3 + 8*f**2 - 5*f - 8. Let i be j(7). What is the highest common factor of i and 8?
2
Let s(i) = i - 8. Let n be s(5). Let q be 306/10 - n/(-5). What is the greatest common factor of 12 and q?
6
Suppose -3*h + 10 = -2*z, 2*h + 0 + 4 = 4*z. What is the highest common factor of 102 and h?
6
Suppose 0 = 3*y + 6, f - 2 = 4*f - 2*y. Let q be (0 - -10)*(-2)/(-5). Let k = f + q. Calculate the highest common factor of 3 and k.
1
Let r = 4 - -1. Suppose -g - r*c = -31 - 16, -4*g + 204 = 4*c. Suppose 4*k - g = -4*d, 5*d - 65 = -k + 6*k. Calculate the greatest common divisor of 52 and d.
13
Let m be (-6)/(-2) - (3 - 5). Suppose 3*s - 165 = m*b, 0*s + 4*s - 220 = 5*b. Suppose s + 1 = f. Calculate the highest common divisor of f and 14.
14
Suppose x - 2*m = -m + 4, 5*x = m + 28. Let t = 42 + x. What is the greatest common factor of t and 6?
6
Suppose -2*h + 5*l = -14, 10 + 10 = h + 4*l. Let m = 6 + -3. Suppose m*r - 2*r - 60 = 0. Calculate the highest common divisor of h and r.
12
Let s be -3 - ((-3 - 0) + 0). Suppose -2*r + 6 = 2*z + 2*r, s = 2*r - 2. Suppose 18 - z = l. What is the highest common factor of l and 119?
17
Let y = -95 + 163. Suppose z = 5*u + 62, 2*z + y = 4*z + 4*u. What is the greatest common divisor of 28 and z?
14
Let v = -24 + 42. Calculate the highest common factor of v and 27.
9
Suppose s - 4*a = -0*s + 27, -4*s + 45 = 5*a. What is the highest common factor of s and 15?
15
Suppose 2*y - 4*f = 12, 5*y + 2 + 4 = -2*f. Let s = 3 + y. Calculate the highest common factor of 9 and s.
3
Let u(w) be the first derivative of w**4/4 - w**3 + 2*w**2 - 3*w + 3. Let y be u(3). Calculate the highest common factor of y and 1.
1
Let v(k) = k. Let q be v(7). Calculate the highest common factor of 1 and q.
1
Let n be -2*(-3)/2 + 2. Suppose -3*z = n*r - r - 40, 3*r - 5*z = 1. Calculate the highest common divisor of r and 63.
7
Suppose 4*f = 8*f - 3*q + 21, q = -1. Let h be -3*15*4/f. Let t = -11 - -26. Calculate the greatest common divisor of h and t.
15
Let p(b) = b**3 - 4*b**2 + 4*b. Let u be p(3). Let f be (-4 - -5)/(1 + 0). What is the highest common divisor of u and f?
1
Let j be (6/8)/((-9)/(-36)). Suppose j*z = 2*z + 100. Calculate the greatest common factor of z and 40.
20
Let s = 167 - 71. What is the greatest common factor of s and 36?
12
Suppose 4*k - 3*o - 11 = 29, -o + 3 = k. Let q = 8 + k. Let g(a) = -165*a. Let w be g(-1). Calculate the highest common divisor of q and w.
15
Suppose -2*m = -5*s + 305, -82 = 2*s + m - 213. Let n(z) = -34*z**2. Let b be n(1). Let p be b/(-4) + 3/6. Calculate the highest common factor of s and p.
9
Suppose 3 - 51 = -2*m. Let w = -6 - -7. Let u be w/3 + 210/18. What is the greatest common factor of u and m?
12
Suppose 0 = -3*n - 3*j, 5*n + 7*j - 8 = 4*j. Suppose 45 = n*k - 3*q, k + 4 = -2*q + 18. Suppose 0 = h + h - k. Calculate the highest common factor of 12 and h.
6
Let n(y) = 10*y + 6. Let v be n(6). Suppose 5*r - 429 - v = 0. Suppose x + 2*x = r. What is the highest common divisor of x and 11?
11
Let d be (-225)/6 - (-6)/12. Let k = 58 + d. Calculate the greatest common factor of 3 and k.
3
Let h = 22 - -2. Calculate the highest common divisor of 12 and h.
12
Let g(c) = -c - 10. Let b be g(-9). Let p = 2 - b. What is the greatest common factor of p and 12?
3
Let s be (-2)/11 - 10/(-55). Suppose q + 2*q - 45 = s. What is the greatest common divisor of q and 10?
5
Let m be -3*(-3)/(-3)*-1. Suppose 4*g - 32 = p, -3*p = m*g - 29 + 5. Calculate the highest common divisor of g and 16.
8
Let l = 25 + -23. Suppose 27 = l*j - 5. Let a(x) = -x**3 + 4*x**2 - x - 2. Let y be a(3). Calculate the highest common factor of j and y.
4
Let a(w) = 4*w + 9 + 5 + 2*w + w. Let l be a(7). Calculate the greatest common divisor of l and 42.
21
Suppose 0 = 5*g - 3*o - 35, 4*g + 11 = o + 39. Calculate the highest common divisor of g and 70.
7
Suppose -4*r + 262 - 826 = 0. Let n be r/(-6) + (-2)/(-4). Let t be (-2 - -8) + (-4)/(-2). What is the highest common factor of t and n?
8
Let y be (-198)/(-15) - 3/15. Let w = y + -6. What is the greatest common divisor of w and 7?
7
Let k(g) = 225*g - 1. Let q be k(1). Let w be 8/(-10) - q/(-80). What is the highest common divisor of 3 and w?
1
Suppose 25 = 4*k - 3. What is the highest common factor of k and 21?
7
Let o(v) = v**3 + 5*v**2 + 4*v. Suppose 0 = 2*s - 2*h + 2, -2*h - 3 = 1. Let p be o(s). Let r = -3 + p. Calculate the highest common factor of 33 and r.
3
Let s = 6 - 2. Suppose -s*a + 2 = -6. Let h(g) = -2*g - 28. Let j be h(-15). Calculate the highest common factor of a and j.
2
Suppose -8*i - 2*u = -5*i - 41, -2*i - 3*u + 34 = 0. What is the greatest common divisor of i and 198?
11
Let u = 13 + 19. Let x be (-2)/(-6) - u/(-3). What is the greatest common factor of 121 and x?
11
Let g be 85/(-68) - (-1 - 241/4). Let n(h) = -5*h**2 + 5 + 1 + 6*h**2. Let b be n(0). What is the greatest common factor of b and g?
6
Let f(o) = -6*o - 1. Let d = -11 + 9. Let j be f(d). What is the highest common divisor of j and 11?
11
Let q(y) = y**2 + 4*y - 4. Let r be q(-5). What is the greatest common divisor of 7 and r?
1
Suppose 36*o = 38*o - 80. Calculate the highest common divisor of 60 and o.
20
Let z = -5 + 9. Suppose -z*b = -3*b - 6. Calculate the greatest common divisor of b and 9.
3
Suppose 4*a + x + 4 = 17, -2*x = 4*a - 10. Suppose -36 = -a*y + 12. What is the greatest common factor of y and 48?
12
Let l be 444/5 + (-8)/(-40) + -1. What is the highest common factor of l and 8?
8
Let d(f) = f**3 + 7*f**2 - f - 2. Let t be d(-4). Let j